3. What is the units digit of j(-6)?
0
Suppose g = 4*u - 11718, -7088 = -6*u + 2*g + 10490. What is the tens digit of u?
2
Let u(v) = 314*v - 4019. What is the hundreds digit of u(57)?
8
Suppose 2*i + 2*i = -t + 38, -4*t + 204 = 3*i. Let b = -60 + t. What is the tens digit of (-110)/(-3) - b*(-6)/54?
3
Let r = -505 - -717. Suppose a + a = 3*b - r, -5*b - 3*a + 328 = 0. What is the tens digit of b?
6
Suppose -11*q - 107*q = -334539 - 149733. What is the hundreds digit of q?
1
Let c(l) = l**2 + 38*l + 73. Let t be -40 + (-25)/5 + 6. What is the units digit of c(t)?
2
Suppose 3*h + y = -668, y = -2*h - 330 - 114. Suppose -x = 5*u - 21 + 140, -4*x - 454 = -2*u. Let l = x - h. What is the units digit of l?
0
Suppose -35987 + 207235 = 22*i. What is the tens digit of i?
8
Let w be ((-1)/2*-2)/1. Let k(z) = 41*z**3 - z + 2. Let p be k(w). What is the units digit of -5*(p/(-10) - -3)?
6
Suppose 4*f + 42595 = 3*g, 0 = 11*g - 16*f + 11*f - 156230. What is the tens digit of g?
0
Let t(k) = -9*k + 102. Let d be t(-10). Suppose d + 221 = v. What is the tens digit of v?
1
Suppose -b + 3 = 0, 0 = 3*v + 5*b - 13 - 11. Suppose -2*j + 7*z + 1340 = 6*z, -v*j + 2001 = 3*z. What is the hundreds digit of j?
6
Suppose -12*h = 4*x - 10*h - 187712, 6*x = 5*h + 281504. What is the tens digit of x?
2
Let n(v) = -2*v**3 - 2*v**2 - 2. Let j be n(2). Let m = j - -457. What is the tens digit of m?
3
Suppose -q + 206 = -5*j - 181, 2*j - 1935 = -5*q. Suppose 0 = 77*r - 76*r - q. What is the tens digit of r?
8
Suppose -23*x + 14*x = -54. Suppose 1021 = x*z - 479. What is the hundreds digit of z?
2
Let t(u) be the first derivative of u**3/3 + u**2/2 - 16*u - 21. Let g be t(-5). Suppose -g*o + 1221 = 7*o. What is the units digit of o?
1
Suppose 5*z - 2*w = -4, 5*w + 12 = 4*z + 5. Let k be (z/4)/((13/6)/(-13)). Suppose -5*l - 4*y = -723, -y + 0 - k = 0. What is the units digit of l?
7
What is the ten thousands digit of (13 + -12)/((9/49019)/9)?
4
Let r be (-3)/5 - 3082/230. Let j(x) = -54*x - 71. What is the tens digit of j(r)?
8
Let z be (-66)/(-42) - 6/(-14). Suppose 4*h + 5*l = 25, -2*h = z*l - 4 - 6. Suppose 5*b + 3*i - 525 = h, -2*b + 6*b - 420 = -5*i. What is the units digit of b?
5
Let l be (198/77)/(2/(-7)). What is the tens digit of (l + 312/30)*1165?
3
Let c(t) = 395*t - 1995. What is the units digit of c(18)?
5
Suppose 4*c + 4*s = 2*s - 300, -5*c - 361 = -s. Let n = -54 - c. Let k = 18 + n. What is the tens digit of k?
3
Let i(q) = -q**3 - 12*q**2 + 15*q + 53. Let l be i(-10). Let x = l - -993. What is the hundreds digit of x?
6
Let q be ((-490)/(-119) - 4/34) + 1674. Suppose -q - 2144 = 14*n. Let g = n + 539. What is the tens digit of g?
6
Let b = 429 - -408. What is the units digit of b?
7
Let f = 375 + 44. Let d = f + -107. What is the tens digit of d?
1
Let r(u) = u**3 + 37*u**2 - 75*u + 116. Let d be r(-39). Let m = 4 + 5. What is the tens digit of (-2)/m + d + (-8814)/(-54)?
6
Let w(n) = 1761*n - 7067. What is the units digit of w(9)?
2
Suppose 222 = -2*y + 1292. Suppose 3*x - 3*w = -5*w - y, -2*x - 366 = -w. Let i = 323 + x. What is the hundreds digit of i?
1
Suppose -f + 3*c = 11, -5*c + 15 = -f - c. Let t be 0 + 1569/3 - (-1)/f. Suppose 2*y + 0 = 10, 4*y + t = 4*z. What is the hundreds digit of z?
1
Suppose -22461 + 86889 = 12*g. What is the tens digit of g?
6
Let h(y) = -3*y + 34. Let o be h(10). Suppose -o*v + 1151 = -3633. What is the tens digit of v?
9
Suppose -k + 15 = 14*k. Let y be 3 + (2 - (1 + k)). Suppose 4*x - 464 = -4*n, -4*n + y*x = -3*n - 112. What is the units digit of n?
5
What is the ten thousands digit of (3/12)/((-7)/28 + 5028/20110)?
1
Suppose -5*b = -4*y + 293 + 69, 3*b + 4*y + 198 = 0. What is the tens digit of 262 - (-525)/b*(-2)/(-3)?
5
Let g(q) = 582*q - 378. What is the hundreds digit of g(5)?
5
Suppose -4*l + 5*l = 1224. Suppose 3 = a, -f + l = 2*f - 3*a. Suppose -3*s - d + f = 0, 5*d + 111 = s - 26. What is the units digit of s?
7
Suppose 2*l + 23 = -2*l + 3*f, 3*l - 19 = -5*f. What is the hundreds digit of -2*(-13)/(-4)*l*9?
1
What is the ten thousands digit of (-27799)/(-3)*(-5 - -8)?
2
Suppose -4*h = h - 1095. Let n = h - -467. What is the units digit of n?
6
Let g(k) = -8*k - 80. Let d be g(-10). Let b be d - 1 - (6/(-1) + 2). Suppose 0*x - x + b*c + 21 = 0, -c = -5*x + 161. What is the units digit of x?
3
Let q = 5511 - -11934. What is the tens digit of q?
4
Let g = 15 - -3. Suppose -5*u - 4*v + g = 0, 3*v + 0*v = -5*u + 16. Suppose -48 = -2*q - 2*m, m + 54 = u*q - 3*m. What is the units digit of q?
5
Let c = -4 - -9. Suppose 5*k + 73 = -2*p, 16 = -3*k + c*p - 34. Let y = 0 - k. What is the units digit of y?
5
Let x = 6122 - 4187. What is the thousands digit of x?
1
Let l(d) be the third derivative of 4*d**2 - 1/6*d**3 - 3/4*d**4 + 0*d + 0. What is the tens digit of l(-7)?
2
Suppose -639 - 53 = -4*o + 4*s, o + 3*s - 185 = 0. Let f = o + -74. Let b = -52 + f. What is the units digit of b?
0
Let z(t) = -5*t**3 - 8*t**2 + 32*t + 260. What is the tens digit of z(-6)?
6
Suppose -45*q + 10*q + 311556 = -21*q. What is the units digit of q?
4
Let x(y) = 73*y**2 + 5*y + 19. Let g be x(-8). Suppose -4*r - 1999 = -3*b, -5*b + 4*r - g = -12*b. What is the units digit of b?
5
Let n be (-2)/(-11) + (-1268)/(-44). Let s = -32 + n. What is the units digit of 2/(-4)*-14 + s?
4
Let u(l) = 56*l + 9. Let i be u(-2). Let o = i + 99. What is the tens digit of (-1)/(1 + 0)*(-189 + o)?
9
Suppose 7*u - 2*u - 10 = 0. Suppose -r - 2*w = -2*r + 1723, 2*r + u*w - 3416 = 0. What is the hundreds digit of r?
7
Suppose 7*w + 55*w = 398164. What is the units digit of w?
2
Let r(s) = 29*s**2 + 16*s + 180. What is the tens digit of r(-20)?
6
Let n = 14461 - -27323. What is the thousands digit of n?
1
Let j(h) = 4*h**2 - 19*h. Let g be j(16). Suppose -88 + g = 4*m. What is the units digit of m?
8
Suppose -7881 = 4*s + s + f, 0 = 2*s - 3*f + 3149. Let m = -1053 - s. What is the units digit of m?
3
Let t = 4471 + -814. What is the tens digit of t?
5
Let z = -11808 - -19499. What is the tens digit of z?
9
Let w(u) = 2*u + 2. Let r be (-3)/(-5) - 24/40. Let g be w(r). Suppose -41 - 103 = -g*b. What is the units digit of b?
2
Let a be 54/(-15) - 2/5. Let b(c) = 16 - 7*c**2 - 5 + 608298*c**3 - 3*c - 608302*c**3. What is the units digit of b(a)?
7
Let t = -2312 + 3237. What is the hundreds digit of t/4 + (-4)/16?
2
Let r be (-3)/8 - (4395/(-8) + 2). Suppose 4*x - 3*a - r - 180 = 0, 0 = x + a - 180. What is the units digit of x?
1
Suppose 2*w + 86 = 2*r, 2*r + 2*w = 5*w + 82. Suppose 2*a - 4*a + 50 = -3*z, 32 = -2*z + a. Let g = r - z. What is the units digit of g?
1
Let d be 16*(-4 - -3) - 4. Let l = d - -23. Let y(a) = -a**3 + 4*a**2 - 3. What is the units digit of y(l)?
6
Suppose -116*j = -113*j - 2841. Suppose -4*v + 39*f - 38*f = -1909, -2*v + j = -3*f. What is the tens digit of v?
7
Let o(j) = 2*j**2 - 11*j + 20. Let h be o(11). Let g be 1 + h - (7 + -5). Let q = g - 0. What is the hundreds digit of q?
1
Let z(m) = 4*m**2 - 4*m - 11*m - 2*m - 2*m**2 - 2*m - 11. What is the units digit of z(-21)?
0
Suppose 43 + 76 = 7*u. Suppose 5*r = 3*i + 3*r + u, -5*i - 40 = -r. Let n = 53 + i. What is the units digit of n?
4
Let h(s) = 2*s + 19. Let u be h(-15). Let y(o) = -o**2 - 15*o + 21. What is the tens digit of y(u)?
6
Let n = 132 + -123. Let f(b) = -14*b**2 + 43*b - 53. Let q(j) = 3*j**2 - 11*j + 13. Let v(r) = n*q(r) + 2*f(r). What is the tens digit of v(-5)?
5
Let j = -61 + 61. Suppose -a = -2*t - 4*a + 105, -2*t - a = -99. Suppose t = -j*y + y - k, 4*y = -5*k + 192. What is the tens digit of y?
4
Let l(u) = 4*u**2 - 25*u + 4. Let v be l(7). Suppose 3*f - 19796 = -v*f. What is the tens digit of f?
0
Let g(o) = 872*o**2 - 198*o - 963. What is the thousands digit of g(-5)?
1
Let w = -244 - 465. Let s = 1088 + w. What is the tens digit of s?
7
Suppose 0 = -2*l + 824 + 612. Let p = l + 251. What is the units digit of p?
9
Suppose 5*z - 19*a = -22*a - 3499, 0 = 3*z - 4*a + 2082. Let u = -337 - z. What is the units digit of u?
1
Let j be (-3 + 18)/(90/4980). What is the tens digit of 2*(39/(-26))/((-6)/j)?
1
Suppose -7811 = 7*c - 30659. What is the thousands digit of c?
3
What is the units digit of (-48)/(-36)*8/((-64)/(-1716))?
6
What is the units digit of -1413*(-10)/15*